g. What is z(d)?
7
Suppose -9*b - 14 + 41 = 0. Let x(u) be the third derivative of 0 - 3*u**2 + 1/24*u**4 + 1/3*u**b + 0*u. What is x(-4)?
-2
Suppose 2*u + 8 = 3*u. Let r be (-12)/u + 14/(-4). Let x(o) = 2*o**2 - o**3 - 2*o - 2*o**2 - 5*o**2 - 6. Give x(r).
4
Let x = 0 - -3. Let a be 1/(x/(-42)*-2). Let s = a - 11. Let f(y) = y. Give f(s).
-4
Let z = 4 + -5. Let j(u) = -u**3 - 3*u**2 + 6*u + 4. Let g(v) = 1. Let f(q) = z*j(q) + 2*g(q). Suppose 5*k = -b + 3 - 7, 16 = -4*b + k. Calculate f(b).
6
Suppose 3*k - 7*k - 10 = -q, 0 = 2*q - 3*k - 5. Let a(z) = z**2 + z**2 + 4*z - z. Give a(q).
2
Suppose -3*x + 3*v = -13 - 20, 0 = -4*x + 5*v + 47. Let y(n) = n**3 - 9*n**2 + 10*n - 3. Give y(x).
13
Let l(p) be the third derivative of p**6/120 + 7*p**5/60 + p**4/4 + 3*p**3/2 + 57*p**2. Calculate l(-6).
9
Let i(d) = -4*d - 8. Let h be (-11 - -7)*(-6)/8. Let u(m) = -m. Let z(r) = h*u(r) - i(r). Let t be (1/(-2))/((-2)/(-16)). Calculate z(t).
4
Suppose 2*u - y - 25 = 0, -34 = -3*u + y + 4*y. Suppose m - k = -0*m - 4, 2*k = -3*m + u. Let n(f) = 3 - 4 - 4*f + 2*f. What is n(m)?
-3
Let f(u) be the first derivative of u**4/4 + 7*u**3/3 + 7*u**2/2 + 5*u - 7. Give f(-5).
20
Let z(a) = -a**3 - a**2 + 4*a - 2. Let c be z(-3). Let u(t) be the second derivative of 2/3*t**3 + 0 + 1/12*t**c - 3*t - 2*t**2. Give u(-4).
-4
Let f(k) = -4*k + k**3 + k - 3*k**2 + 4*k**3 - 4*k**3 - 4. Give f(4).
0
Let g be 0/(1 - 1/(-1)). Let c be 0 + (-1 - -3) + g. Let f(b) = -b**2 + 2 + 4*b**2 + b**3 - 2*b**c + 2*b. What is f(-2)?
-6
Let k(u) = 4*u - u**3 + 1 - u**3 - 3*u - 3*u + 2*u**2. Determine k(1).
-1
Suppose 30 + 10 = 10*c. Suppose -2 = -s + 1. Let g(d) = -3 + 6 - s*d + 1. What is g(c)?
-8
Let h = 6 + -4. Suppose 4 = -5*j + 29. Let b be 0*(h + j/(-2)). Let i(t) = -t**3 + t**2 + t - 4. Determine i(b).
-4
Let h(k) = 36*k. Let j(y) = -19*y. Let w(l) = -3*h(l) - 5*j(l). What is w(-1)?
13
Let l(a) = -6*a - 11. Let x(z) = 2*z + 4. Let n(c) = -6*l(c) - 17*x(c). Calculate n(4).
6
Let v(s) be the third derivative of -s**6/120 + s**4/24 + 3*s**3/2 - 44*s**2. Determine v(0).
9
Let o be (-8 - -4 - -1)*-1. Let n(y) = -2*y. What is n(o)?
-6
Let j(a) be the second derivative of -a**4/6 + a**3/2 + 4*a. Determine j(2).
-2
Let q be 6/27 - 2/9. Let g(n) = n + q*n - 1 + 3*n + 0*n. Give g(-2).
-9
Let o(l) be the third derivative of -7*l**5/60 - l**3/6 - 5*l**2 - l. What is o(1)?
-8
Let q(y) = y**3 + y**2 - y - 4. Suppose 2*b = 4*b. Suppose -5*f = s - 5, 2*f + b - 2 = s. Let r = s + 0. Give q(r).
-4
Suppose -3*c - 3*n + 30 = 0, 35 = c + 2*c + 4*n. Let s be 3/9 + (-2)/(-3). Let g(u) = 0 - 2 + u - s. Calculate g(c).
2
Let a be -3 + 2 + 8/1. Let j(c) = 5*c + 9. Let r(t) = -2*t - 4. Let m(b) = a*r(b) + 3*j(b). Let u be 3/(-9) + 6/(-9). Give m(u).
-2
Suppose -3*y = -15, -9*y = 4*m - 13*y + 12. Let h(x) be the third derivative of x**6/120 - x**5/30 + x**4/8 - x**3/6 + x**2. Give h(m).
5
Let o = -9 + 6. Let y(x) = x**2 + 4*x. Determine y(o).
-3
Let b = 11 + -14. Let j(s) = -1 - s**3 - 2*s**3 + 2*s**3 - 3*s**2. What is j(b)?
-1
Let p(u) = u**2 + 1. Let g(b) = 6*b**2 + 7. Let v(d) = -g(d) + 5*p(d). What is v(-2)?
-6
Let z(y) be the third derivative of y**7/840 + y**6/120 - y**5/40 - y**4/12 + y**3/2 + 2*y**2. Let s(o) be the first derivative of z(o). Calculate s(-3).
7
Let w(r) = -r**3 + 2*r - 2. Let b(g) = 2*g**3 - 3*g + 2. Let m(v) = 2*b(v) + 3*w(v). Calculate m(0).
-2
Let x(t) = -2*t**3 + 3*t**2 + 3. Let q(m) = 5*m**3 - 6*m**2 + m - 6. Let k(u) = -3*q(u) - 7*x(u). What is k(-2)?
-1
Let x(s) = s - 1. Let g(t) = t**2 + 19*t + 15. Let p be g(-19). Suppose 17 = -3*u - a, 0*a = u + 5*a + p. Determine x(u).
-6
Let b(h) = -3*h**2 - 6*h - 4. Let f(r) = 7*r**2 + 13*r + 8. Let w(v) = 9*b(v) + 4*f(v). Calculate w(-3).
11
Let k(h) = -h**3 + 5*h**2 + 5*h + 6. Let b be -10*(-2)/4*12/10. What is k(b)?
0
Let p(d) be the first derivative of d**2/2 - 9*d + 2. Determine p(5).
-4
Let v(d) = 2*d + 0 - 9 + 4 + 0*d. What is v(5)?
5
Let g(l) = 11*l**3 + 16*l - 34*l + 17*l + 2*l**2. Give g(1).
12
Let v(i) = i**3 - i**2 - i. Let z(c) = c**3 - 8*c**2 - 7*c - 1. Let n(h) = 2*v(h) - z(h). Determine n(-5).
1
Suppose 0*d - 4*d - 72 = -4*r, -5*r - 5*d = -50. Let l be 33/(-7) + (-4)/r. Let w(o) = o**3 + 4*o**2 - 5*o + 3. Give w(l).
3
Let o be 0 + 2 + (-12)/(-3). Suppose o = 5*n - 4. Let j(z) = -5*z + 2. Let c(x) = -10*x + 5. Let d(m) = -3*c(m) + 7*j(m). Give d(n).
-11
Let i(u) = -194 + 11*u**2 - u**3 - u - 9*u + 200. Give i(10).
6
Let z(r) = -5*r**3 - 5*r**2 - 7*r - 14. Let v(s) = -s**3 + s**2 + s - 1. Let w(p) = 4*v(p) - z(p). Calculate w(-8).
-14
Let l(h) = 21*h**2 - 3*h + 4. Let j(t) = -2*t**2 + t - 1. Let a(f) = -3*j(f) - l(f). What is a(1)?
-16
Let j(t) be the first derivative of -t**4/4 + 14*t**3/3 + 8*t**2 - 12*t + 1. Let z be j(15). Let q(v) = 2*v - 2. Give q(z).
4
Let k(j) be the second derivative of -j**3/6 + 3*j**2/2 - 8*j. Give k(4).
-1
Let d = -6 - -7. Let m be -1 + 2 + d + 4. Let q(o) = -o**3 + 6*o**2 + o - 8. Give q(m).
-2
Suppose -4*r - r + 15 = 0. Let l be -2*(r/2)/(-3). Let z(u) = 3*u - 1 + 4*u + 0*u. What is z(l)?
6
Let l(f) = -2*f - 3. Suppose 18 = -2*a + 24. Determine l(a).
-9
Suppose 3*z = 2*z - 6. Let u(o) = -2*o - 4. What is u(z)?
8
Let u(g) be the third derivative of g**6/120 - g**5/60 - g**4/6 + g**3/2 - 7*g**2. Give u(2).
-1
Let o(z) = -5*z**2 - 23*z + 5. Let t(c) = 3*c**2 + 12*c - 3. Let i(k) = 4*o(k) + 7*t(k). Give i(6).
-13
Let i = -2869/220 + 144/11. Let q(x) be the second derivative of -i*x**5 + 0 + 1/3*x**4 - 5/2*x**2 - x + 1/2*x**3. Give q(4).
7
Suppose 0*w = -3*w. Let o(z) = 8*z + 2 - 5 - z**3 + 5*z**2 - 1 + w. Determine o(6).
8
Suppose 3*u = -2*u + 15. Let c(d) = -d**2 - 2*d + u + 5*d - 3*d. Let h be (-2)/(2 + 12/(-9)). What is c(h)?
-6
Let b(h) = -3*h**2 + 14*h + 9. Let s(i) = 7*i**2 - 29*i - 18. Let f(y) = 9*b(y) + 4*s(y). What is f(-8)?
-7
Let z be 12/1*9/(-18). Let v(i) = -i + 8. Calculate v(z).
14
Let t(j) = 3*j**2 - 8*j + 8. Let z(b) = -2*b**2 + 7*b - 7. Let f(r) = -5*t(r) - 6*z(r). What is f(-2)?
-6
Suppose -54 = -0*h + 6*h. Let j(r) = -r**3 - 8*r**2 + 10*r + 12. Calculate j(h).
3
Let x(b) = -b**2 + 8*b - 6. Suppose -5*g + 70 = -15. Let i = -11 + g. Give x(i).
6
Suppose 13 = 15*u - 16*u. Let k(l) = l + 9. Determine k(u).
-4
Let n be (-6)/7*84/(-18). Let k(m) = m**2 - m + 2. Calculate k(n).
14
Suppose 3*v - q - 2 = 0, -28 = -4*v - 5*q - 0*q. Let r be 4 + -7 - (v - 1). Let h(b) = -b**2 - 6*b - 2. Calculate h(r).
6
Let i(a) be the first derivative of -5*a**3/3 - a**2/2 + 5*a - 2. Let f(h) be the first derivative of i(h). Determine f(-1).
9
Let m(s) be the second derivative of s**6/360 - s**5/24 + s**4/8 - 3*s**3/2 - 3*s. Let t(x) be the second derivative of m(x). Give t(5).
3
Let p = 3/7 - 65/168. Let m(a) be the third derivative of p*a**4 + 4/3*a**3 + 0*a + 0 - 4*a**2. Give m(-6).
2
Let w(s) = 266*s**3 - 265*s**3 + 1 + 0*s - 3*s. Give w(2).
3
Let v be (2 + -4 + 0)*2. Let h(t) = 6*t**2 - 2*t - 9. Let i(f) = -f**2 + f + 1. Let g(o) = -h(o) - 5*i(o). Give g(v).
0
Let l(f) = f. Let d(m) = -m**3 + 6*m**2 - 11*m - 2. Let v(b) = -d(b) - 4*l(b). Let x be 0 - (-1)/1 - -4. What is v(x)?
12
Let t(f) be the third derivative of 1/8*f**4 + 0 + 4*f**2 + 0*f + 1/3*f**3 + 1/60*f**5. Calculate t(-2).
0
Let b(m) be the first derivative of -m + 2 - 5/2*m**2. Suppose 5*n = 3*n + 2. Give b(n).
-6
Let x(t) = 6*t + t - 6*t + 0 - 3. What is x(6)?
3
Let u(b) = -b**2 + 2*b - 1. Suppose 0 = r + 2, -5 = 2*k + 2*r + 3. Calculate u(k).
-9
Let l = 79 - 78. Let f(x) = -5*x + x**2 + 3*x + 1 + x - 8*x**3. What is f(l)?
-7
Suppose -3*p + 8 = -7. Let r(c) = -4 + 0 - 3*c + 0*c + p*c. What is r(5)?
6
Let n(a) = -a**3 - 3*a**2 - 2*a. Let g = 1 + -1. Let t(i) = 2*i + g*i - 2*i - i + 4. Let k be t(7). Calculate n(k).
6
Let j(a) be the second derivative of 7*a**6/120 - a**4/24 + a**2 + 2*a. Let u(s) be the first derivative of j(s). Let v be 1/(2 - 1 - 2). Determine u(v).
-6
Let f(n) be the second derivative of -n**5/20 + n**3/6 - 4*n. What is f(0)?
0
Let l(z) = z**3 + z + 1. Let g(v) = -v**2 + 2*v - 2. Let y be g(2). Give l(y).
-9
Suppose 20*z - 25*z - 10 = 0. Let p(s) = 5 - 2 - 4*s - 2. What is p(z)?
9
Let h = -68 - -72. Let w(q) = -2*q + 4. What is w(h)?
-4
Suppose -3*s - 11 = 1. Let d(q) = q**3 - 2*q**2 - 7*q - 7. Let t(j) = j**3 - j**2 -